{"id":27,"date":"2026-01-16T10:19:07","date_gmt":"2026-01-16T09:19:07","guid":{"rendered":"https:\/\/szkolatotustuus.pl\/?page_id=27"},"modified":"2026-01-28T11:24:26","modified_gmt":"2026-01-28T10:24:26","slug":"dokumenty","status":"publish","type":"page","link":"https:\/\/szkolatotustuus.pl\/?page_id=27","title":{"rendered":"Dokumenty"},"content":{"rendered":"\n<h2 class=\"wp-block-heading has-text-align-center has-border-color\" style=\"border-color:#a05090;border-width:11px\">Dokumenty do pobrania<\/h2>\n\n\n\n<div data-wp-interactive=\"core\/file\" class=\"wp-block-file has-border-color has-theme-palette-7-background-color has-background\" style=\"border-color:#a05090;border-width:14px\"><object data-wp-bind--hidden=\"!state.hasPdfPreview\" hidden class=\"wp-block-file__embed\" data=\"https:\/\/szkolatotustuus.pl\/wp-content\/uploads\/2026\/01\/statut_SP_znowelizowany_luty.pdf\" type=\"application\/pdf\" style=\"width:100%;height:600px\" aria-label=\"Embed of statut_SP_znowelizowany_luty.\"><\/object><a id=\"wp-block-file--media-c74afe5f-2379-44f2-b918-6138f511682d\" href=\"https:\/\/szkolatotustuus.pl\/wp-content\/uploads\/2026\/01\/statut_SP_znowelizowany_luty.pdf\">statut_SP_znowelizowany_luty<\/a><a href=\"https:\/\/szkolatotustuus.pl\/wp-content\/uploads\/2026\/01\/statut_SP_znowelizowany_luty.pdf\" class=\"wp-block-file__button wp-element-button\" download aria-describedby=\"wp-block-file--media-c74afe5f-2379-44f2-b918-6138f511682d\">Pobierz<\/a><\/div>\n\n\n\n<div style=\"height:32px\" aria-hidden=\"true\" class=\"wp-block-spacer\"><\/div>\n\n\n\n<div data-wp-interactive=\"core\/file\" class=\"wp-block-file has-border-color has-theme-palette-7-background-color has-background has-link-color wp-elements-51ebfe2debe223d7d861ba46f2d5ac8f\" style=\"border-color:#a05090;border-width:14px\"><object data-wp-bind--hidden=\"!state.hasPdfPreview\" hidden class=\"wp-block-file__embed\" data=\"https:\/\/szkolatotustuus.pl\/wp-content\/uploads\/2026\/01\/PODANIE-o-przyjecie-do-przedszkola.pdf\" type=\"application\/pdf\" style=\"width:100%;height:600px\" aria-label=\"Embed of PODANIE-o-przyje\u0328cie-do-przedszkola.\"><\/object><a id=\"wp-block-file--media-ff47cc2b-da21-4cce-90c3-fcd3c468d90f\" href=\"https:\/\/szkolatotustuus.pl\/wp-content\/uploads\/2026\/01\/PODANIE-o-przyjecie-do-przedszkola.pdf\">PODANIE-o-przyje\u0328cie-do-przedszkola<\/a><a href=\"https:\/\/szkolatotustuus.pl\/wp-content\/uploads\/2026\/01\/PODANIE-o-przyjecie-do-przedszkola.pdf\" class=\"wp-block-file__button wp-element-button\" download aria-describedby=\"wp-block-file--media-ff47cc2b-da21-4cce-90c3-fcd3c468d90f\">Pobierz<\/a><\/div>\n\n\n\n<div style=\"height:20px\" aria-hidden=\"true\" class=\"wp-block-spacer\"><\/div>\n\n\n\n<div data-wp-interactive=\"core\/file\" class=\"wp-block-file has-border-color has-theme-palette-7-background-color has-background\" style=\"border-color:#a05090;border-width:14px\"><object data-wp-bind--hidden=\"!state.hasPdfPreview\" hidden class=\"wp-block-file__embed\" data=\"https:\/\/szkolatotustuus.pl\/wp-content\/uploads\/2026\/01\/PODANIE-o-przyjecie-do-szkoly.pdf\" type=\"application\/pdf\" style=\"width:100%;height:600px\" aria-label=\"Embed of PODANIE-o-przyje\u0328cie-do-szko\u0142y.\"><\/object><a id=\"wp-block-file--media-d63ffdac-1d53-4915-bef8-a7e5ea3c5307\" href=\"https:\/\/szkolatotustuus.pl\/wp-content\/uploads\/2026\/01\/PODANIE-o-przyjecie-do-szkoly.pdf\">PODANIE-o-przyje\u0328cie-do-szko\u0142y<\/a><a href=\"https:\/\/szkolatotustuus.pl\/wp-content\/uploads\/2026\/01\/PODANIE-o-przyjecie-do-szkoly.pdf\" class=\"wp-block-file__button wp-element-button\" download aria-describedby=\"wp-block-file--media-d63ffdac-1d53-4915-bef8-a7e5ea3c5307\">Pobierz<\/a><\/div>\n\n\n\n<div style=\"height:21px\" aria-hidden=\"true\" class=\"wp-block-spacer\"><\/div>\n\n\n\n<div data-wp-interactive=\"core\/file\" class=\"wp-block-file has-border-color has-theme-palette-8-background-color has-background\" style=\"border-color:#a05090;border-width:14px\"><object data-wp-bind--hidden=\"!state.hasPdfPreview\" hidden class=\"wp-block-file__embed\" data=\"https:\/\/szkolatotustuus.pl\/wp-content\/uploads\/2026\/01\/PODANIE-o-przyjecie-do-szkoly-przysposabiajacej-do-pracy.pdf\" type=\"application\/pdf\" style=\"width:100%;height:600px\" aria-label=\"Embed of PODANIE-o-przyje\u0328cie-do-szko\u0142y-przysposabiaja\u0328cej-do-pracy.\"><\/object><a id=\"wp-block-file--media-ad5ca6ad-9433-42ec-bbe6-e7e94ce0b1ce\" href=\"https:\/\/szkolatotustuus.pl\/wp-content\/uploads\/2026\/01\/PODANIE-o-przyjecie-do-szkoly-przysposabiajacej-do-pracy.pdf\">PODANIE-o-przyje\u0328cie-do-szko\u0142y-przysposabiaja\u0328cej-do-pracy<\/a><a href=\"https:\/\/szkolatotustuus.pl\/wp-content\/uploads\/2026\/01\/PODANIE-o-przyjecie-do-szkoly-przysposabiajacej-do-pracy.pdf\" class=\"wp-block-file__button wp-element-button\" download aria-describedby=\"wp-block-file--media-ad5ca6ad-9433-42ec-bbe6-e7e94ce0b1ce\">Pobierz<\/a><\/div>\n\n\n\n<div style=\"height:22px\" aria-hidden=\"true\" class=\"wp-block-spacer\"><\/div>\n\n\n\n<div data-wp-interactive=\"core\/file\" class=\"wp-block-file has-border-color has-theme-palette-7-background-color has-background\" style=\"border-color:#a05090;border-width:14px\"><object data-wp-bind--hidden=\"!state.hasPdfPreview\" hidden class=\"wp-block-file__embed\" data=\"https:\/\/szkolatotustuus.pl\/wp-content\/uploads\/2026\/01\/Standardy_ochrony_maloletnich_wersja_zupelna_Niepubliczna_Szkola_Podstawowa_Totus_Tuus_w_Lesznie.pdf\" type=\"application\/pdf\" style=\"width:100%;height:600px\" aria-label=\"Embed of Standardy_ochrony_ma\u0142oletnich_wersja_zupe\u0142na_Niepubliczna_Szko\u0142a_Podstawowa_Totus_Tuus_w_Lesznie.\"><\/object><a id=\"wp-block-file--media-d91e40b7-d701-45c4-a499-b313f1942c32\" href=\"https:\/\/szkolatotustuus.pl\/wp-content\/uploads\/2026\/01\/Standardy_ochrony_maloletnich_wersja_zupelna_Niepubliczna_Szkola_Podstawowa_Totus_Tuus_w_Lesznie.pdf\">Standardy_ochrony_ma\u0142oletnich_wersja_zupe\u0142na_Niepubliczna_Szko\u0142a_Podstawowa_Totus_Tuus_w_Lesznie<\/a><a href=\"https:\/\/szkolatotustuus.pl\/wp-content\/uploads\/2026\/01\/Standardy_ochrony_maloletnich_wersja_zupelna_Niepubliczna_Szkola_Podstawowa_Totus_Tuus_w_Lesznie.pdf\" class=\"wp-block-file__button wp-element-button\" download aria-describedby=\"wp-block-file--media-d91e40b7-d701-45c4-a499-b313f1942c32\">Pobierz<\/a><\/div>\n\n\n\n<div style=\"height:27px\" aria-hidden=\"true\" class=\"wp-block-spacer\"><\/div>\n\n\n\n<div data-wp-interactive=\"core\/file\" class=\"wp-block-file has-border-color has-theme-palette-7-background-color has-background\" style=\"border-color:#a05090;border-width:14px;padding-top:var(--wp--preset--spacing--20);padding-bottom:var(--wp--preset--spacing--20)\"><object data-wp-bind--hidden=\"!state.hasPdfPreview\" hidden class=\"wp-block-file__embed\" data=\"https:\/\/szkolatotustuus.pl\/wp-content\/uploads\/2026\/01\/Standardy_ochrony_maloletnich_wersja_skrocona.pdf\" type=\"application\/pdf\" style=\"width:100%;height:600px\" aria-label=\"Embed of Standardy_ochrony_maloletnich_wersja_skr\u00f3cona.\"><\/object><a id=\"wp-block-file--media-c1d57d0a-0c74-4a5e-a19e-39c641e9e8cf\" href=\"https:\/\/szkolatotustuus.pl\/wp-content\/uploads\/2026\/01\/Standardy_ochrony_maloletnich_wersja_skrocona.pdf\">Standardy_ochrony_maloletnich_wersja_skr\u00f3cona<\/a><a href=\"https:\/\/szkolatotustuus.pl\/wp-content\/uploads\/2026\/01\/Standardy_ochrony_maloletnich_wersja_skrocona.pdf\" class=\"wp-block-file__button wp-element-button\" download aria-describedby=\"wp-block-file--media-c1d57d0a-0c74-4a5e-a19e-39c641e9e8cf\">Pobierz<\/a><\/div>\n\n\n\n<div style=\"height:0px\" aria-hidden=\"true\" class=\"wp-block-spacer\"><\/div>\n\n\n\n<div style=\"height:60px\" aria-hidden=\"true\" class=\"wp-block-spacer\"><\/div>\n\n\n\n<div class=\"wpcf7 no-js\" id=\"wpcf7-f185-o1\" lang=\"pl-PL\" dir=\"ltr\" data-wpcf7-id=\"185\">\n<div class=\"screen-reader-response\"><p role=\"status\" aria-live=\"polite\" aria-atomic=\"true\"><\/p> <ul><\/ul><\/div>\n<form action=\"\/index.php?rest_route=%2Fwp%2Fv2%2Fpages%2F27#wpcf7-f185-o1\" method=\"post\" class=\"wpcf7-form init\" aria-label=\"Formularz kontaktowy\" novalidate=\"novalidate\" data-status=\"init\">\n<fieldset class=\"hidden-fields-container\"><input type=\"hidden\" name=\"_wpcf7\" value=\"185\" \/><input type=\"hidden\" name=\"_wpcf7_version\" value=\"6.1.4\" \/><input type=\"hidden\" name=\"_wpcf7_locale\" value=\"pl_PL\" \/><input type=\"hidden\" name=\"_wpcf7_unit_tag\" value=\"wpcf7-f185-o1\" \/><input type=\"hidden\" name=\"_wpcf7_container_post\" value=\"0\" \/><input type=\"hidden\" name=\"_wpcf7_posted_data_hash\" value=\"\" \/>\n<\/fieldset>\n<p><label> Twoje imi\u0119 i nazwisko<br \/>\n<span class=\"wpcf7-form-control-wrap\" data-name=\"your-name\"><input size=\"40\" maxlength=\"400\" class=\"wpcf7-form-control wpcf7-text wpcf7-validates-as-required\" autocomplete=\"name\" aria-required=\"true\" aria-invalid=\"false\" value=\"\" type=\"text\" name=\"your-name\" \/><\/span> <\/label>\n<\/p>\n<p><label> Tw\u00f3j adres e-mail<br \/>\n<span class=\"wpcf7-form-control-wrap\" data-name=\"your-email\"><input size=\"40\" maxlength=\"400\" class=\"wpcf7-form-control wpcf7-email wpcf7-validates-as-required wpcf7-text wpcf7-validates-as-email\" autocomplete=\"email\" aria-required=\"true\" aria-invalid=\"false\" value=\"\" type=\"email\" name=\"your-email\" \/><\/span> <\/label>\n<\/p>\n<p><label> Temat<br \/>\n<span class=\"wpcf7-form-control-wrap\" data-name=\"your-subject\"><input size=\"40\" maxlength=\"400\" class=\"wpcf7-form-control wpcf7-text wpcf7-validates-as-required\" aria-required=\"true\" aria-invalid=\"false\" value=\"\" type=\"text\" name=\"your-subject\" \/><\/span> <\/label>\n<\/p>\n<p><label> Twoja wiadomo\u015bci (opcjonalne)<br \/>\n<span class=\"wpcf7-form-control-wrap\" data-name=\"your-message\"><textarea cols=\"40\" rows=\"10\" maxlength=\"2000\" class=\"wpcf7-form-control wpcf7-textarea\" aria-invalid=\"false\" name=\"your-message\"><\/textarea><\/span> <\/label>\n<\/p>\n<p><input class=\"wpcf7-form-control wpcf7-submit has-spinner\" type=\"submit\" value=\"Wy\u015blij\" \/>\n<\/p><div class=\"wpcf7-response-output\" aria-hidden=\"true\"><\/div>\n<\/form>\n<\/div>\n\n\n\n\n<iframe src=\"https:\/\/www.google.com\/maps\/embed?pb=!1m18!1m12!1m3!1d9856.969271120084!2d16.597735879575755!3d51.85653195332345!2m3!1f0!2f0!3f0!3m2!1i1024!2i768!4f13.1!3m3!1m2!1s0xa5cbf9af541c2b0f%3A0x81d14c78aa160182!2sSzko%C5%82a%20Podstawowa%20Totus%20Tuus!5e0!3m2!1spl!2spl!4v1768767687292!5m2!1spl!2spl\"\nwidth=\"100%\" height=\"450\" style=\"border:0;\"\nallowfullscreen=\"\" loading=\"lazy\"\nreferrerpolicy=\"no-referrer-when-downgrade\"><\/iframe>\n","protected":false},"excerpt":{"rendered":"<p>Dokumenty do pobrania<\/p>\n","protected":false},"author":1,"featured_media":0,"parent":0,"menu_order":0,"comment_status":"closed","ping_status":"closed","template":"","meta":{"_kadence_starter_templates_imported_post":false,"_kad_post_transparent":"","_kad_post_title":"","_kad_post_layout":"","_kad_post_sidebar_id":"","_kad_post_content_style":"","_kad_post_vertical_padding":"","_kad_post_feature":"","_kad_post_feature_position":"","_kad_post_header":false,"_kad_post_footer":false,"_kad_post_classname":"","footnotes":""},"class_list":["post-27","page","type-page","status-publish","hentry"],"_links":{"self":[{"href":"https:\/\/szkolatotustuus.pl\/index.php?rest_route=\/wp\/v2\/pages\/27","targetHints":{"allow":["GET"]}}],"collection":[{"href":"https:\/\/szkolatotustuus.pl\/index.php?rest_route=\/wp\/v2\/pages"}],"about":[{"href":"https:\/\/szkolatotustuus.pl\/index.php?rest_route=\/wp\/v2\/types\/page"}],"author":[{"embeddable":true,"href":"https:\/\/szkolatotustuus.pl\/index.php?rest_route=\/wp\/v2\/users\/1"}],"replies":[{"embeddable":true,"href":"https:\/\/szkolatotustuus.pl\/index.php?rest_route=%2Fwp%2Fv2%2Fcomments&post=27"}],"version-history":[{"count":3,"href":"https:\/\/szkolatotustuus.pl\/index.php?rest_route=\/wp\/v2\/pages\/27\/revisions"}],"predecessor-version":[{"id":418,"href":"https:\/\/szkolatotustuus.pl\/index.php?rest_route=\/wp\/v2\/pages\/27\/revisions\/418"}],"wp:attachment":[{"href":"https:\/\/szkolatotustuus.pl\/index.php?rest_route=%2Fwp%2Fv2%2Fmedia&parent=27"}],"curies":[{"name":"wp","href":"https:\/\/api.w.org\/{rel}","templated":true}]}}